ue
Does 577 divide 267032138?
True
Is 12 a factor of 3284548632?
True
Is 101825577 a multiple of 436?
False
Is 677130608 a multiple of 138?
False
Is 41996337 a multiple of 113?
True
Is 193 a factor of 266052044?
True
Does 6 divide 90348771?
False
Is 1868552955 a multiple of 527?
False
Is 168219191 a multiple of 18?
False
Does 6 divide 467502?
True
Is 45 a factor of 11453355?
True
Does 32 divide 2248104919?
False
Is 414 a factor of 998293932?
True
Is 1179 a factor of 178439276?
False
Does 397 divide 11646392?
True
Does 1597 divide 416453105?
False
Does 19 divide 77591981?
False
Is 83745448 a multiple of 14?
False
Is 66 a factor of 173930009?
False
Is 1076 a factor of 72594321?
False
Is 43199366 a multiple of 97?
False
Is 713136 a multiple of 2?
True
Is 6512859798 a multiple of 390?
False
Does 296 divide 481514152?
True
Is 455751573 a multiple of 291?
False
Is 56244780 a multiple of 30?
True
Does 16 divide 3367576336?
True
Is 1558050 a multiple of 102?
True
Is 267615110 a multiple of 461?
True
Does 338 divide 231631400?
True
Is 2206457120 a multiple of 2336?
True
Does 852 divide 212356740?
True
Is 859898200 a multiple of 70?
True
Does 34 divide 32458304?
True
Does 811 divide 696252389?
False
Does 18 divide 18603558?
True
Is 2206385794 a multiple of 113?
True
Is 10207578 a multiple of 1287?
False
Is 254 a factor of 2621788?
True
Does 30 divide 425754540?
True
Does 583 divide 6052400294?
False
Is 935162095 a multiple of 119?
True
Is 22290100 a multiple of 7?
True
Is 227702016 a multiple of 2133?
True
Does 487 divide 63276295?
False
Does 203 divide 577872211?
False
Is 315 a factor of 1191136590?
True
Is 297855569 a multiple of 11?
True
Does 17 divide 31589859?
True
Does 13 divide 174039217?
False
Is 22 a factor of 1052062?
True
Does 146 divide 374625340?
False
Is 161 a factor of 135212891?
False
Is 106731231 a multiple of 3?
True
Is 1324 a factor of 523835304?
True
Is 452 a factor of 27767716?
True
Is 1262 a factor of 6939738?
True
Is 30 a factor of 10154019?
False
Does 12 divide 1097858866?
False
Does 11 divide 41642101?
False
Is 142 a factor of 93473204?
True
Is 14 a factor of 822274495?
False
Does 82 divide 284534?
False
Is 534317530 a multiple of 10?
True
Is 49 a factor of 3215772?
True
Does 124 divide 23124016?
True
Is 186 a factor of 450574026?
True
Is 2332274 a multiple of 3?
False
Is 34758612 a multiple of 27?
True
Is 2447 a factor of 203148426?
False
Is 343 a factor of 325170259?
False
Does 3479 divide 290903601?
False
Is 100533253 a multiple of 26?
False
Is 12 a factor of 723024181?
False
Is 347 a factor of 17010698?
False
Does 45 divide 12725865?
True
Is 1458 a factor of 337417650?
True
Is 10 a factor of 92461460?
True
Is 428 a factor of 20897100?
True
Is 668 a factor of 2847550?
False
Does 107 divide 2260757846?
True
Is 23115920 a multiple of 5?
True
Does 29 divide 962673357?
True
Is 445187071 a multiple of 259?
True
Does 55 divide 33725407?
False
Does 2027 divide 806568540?
False
Is 556 a factor of 263163140?
True
Is 1275868 a multiple of 22?
True
Is 357 a factor of 167177388?
True
Is 1203966148 a multiple of 1180?
False
Is 15 a factor of 95547045?
True
Is 599 a factor of 22738040?
True
Does 5282 divide 338107166?
False
Is 22003254 a multiple of 78?
True
Is 35 a factor of 3346315?
True
Does 14 divide 2623108068?
True
Is 13 a factor of 1857051469?
True
Does 31 divide 30546140?
False
Does 24 divide 17453467?
False
Is 7291070 a multiple of 197?
False
Does 3 divide 3121944?
True
Is 1191918516 a multiple of 14?
False
Is 235411374 a multiple of 9?
False
Does 1554 divide 315048826?
False
Is 3008 a factor of 37915840?
True
Does 1077 divide 177455704?
False
Does 13 divide 49807485?
True
Is 31281604 a multiple of 24?
False
Is 3903506097 a multiple of 51?
False
Is 339 a factor of 79388376?
True
Is 130033749 a multiple of 359?
True
Is 29755440 a multiple of 624?
True
Does 139 divide 19425528?
True
Is 35 a factor of 2565953180?
True
Is 45 a factor of 307413163?
False
Is 59880678 a multiple of 6?
True
Does 952 divide 340860744?
True
Is 1177725413 a multiple of 313?
True
Is 138 a factor of 7684096?
False
Is 247 a factor of 213838982?
False
Is 59 a factor of 30970988?
True
Is 56342110 a multiple of 22?
True
Is 235835700 a multiple of 1758?
True
Is 329 a factor of 24670723?
True
Is 475242106 a multiple of 123?
False
Is 37296378 a multiple of 1218?
True
Does 853 divide 4444530910?
True
Does 150 divide 45670950?
True
Is 107377585 a multiple of 813?
False
Is 17 a factor of 6226524?
False
Is 256 a factor of 106491904?
True
Is 954335 a multiple of 31?
True
Is 40 a factor of 2740343?
False
Does 819 divide 56841057?
True
Is 5698 a factor of 25213650?
True
Does 1234 divide 184812478?
True
Is 15 a factor of 2681005?
False
Does 827 divide 37498661?
True
Is 228049388 a multiple of 2282?
True
Does 11 divide 31276630?
True
Does 449 divide 973863489?
True
Is 140 a factor of 51672771?
False
Is 33 a factor of 2070948?
True
Does 2429 divide 123213569?
False
Does 64 divide 4056881?
False
Is 1542 a factor of 6033619326?
True
Is 618 a factor of 15098976?
True
Does 80 divide 44955664?
False
Is 1355 a factor of 306375424?
False
Does 563 divide 1528181?
False
Is 258800295 a multiple of 65?
True
Is 787 a factor of 727617683?
False
Does 618 divide 1752471?
False
Is 735481902 a multiple of 40?
False
Is 4190 a factor of 518636558?
False
Is 71674023 a multiple of 16?
False
Is 147 a factor of 122729862?
False
Is 12040808 a multiple of 4?
True
Is 356 a factor of 72304447?
False
Is 156 a factor of 152570559?
False
Does 2014 divide 656755330?
True
Does 63 divide 21830697?
True
Is 68 a factor of 430081164?
True
Does 13 divide 210103764?
True
Is 2465 a factor of 363622385?
False
Is 10 a factor of 20212906?
False
Is 1642 a factor of 215314207?
False
Is 408961429 a multiple of 100?
False
Does 1579 divide 63424426?
False
Does 197 divide 227839365?
True
Is 302 a factor of 260492819?
False
Is 17108938 a multiple of 826?
True
Is 592 a factor of 66792949?
False
Is 1641822651 a multiple of 1581?
True
Is 85658723 a multiple of 327?
False
Does 3293 divide 392682300?
False
Does 56 divide 16756349?
False
Is 89449984 a multiple of 512?
True
Does 16 divide 15248597?
False
Is 780 a factor of 22188675?
False
Does 286 divide 262405286?
True
Is 3 a factor of 7164876?
True
Is 21 a factor of 102397953?
True
Does 11 divide 29825169?
True
Is 12280402 a multiple of 8?
False
Is 133 a factor of 109120382?
True
Does 16 divide 2223670704?
True
Is 43528762 a multiple of 479?
False
Is 383 a factor of 73758523?
True
Is 35532256 a multiple of 668?
True
Is 1906153761 a multiple of 31?
True
Is 46639410 a multiple of 61?
False
Is 38564175 a multiple of 24?
False
Is 44692712 a multiple of 38?
True
Is 175003974 a multiple of 56?
False
Does 9 divide 1775628?
True
Does 12 divide 3463033716?
True
Is 6 a factor of 323899558?
False
Is 52618099 a multiple of 2588?
False
Does 29 divide 1207328174?
True
Is 496 a factor of 1927835440?
True
Is 119 a factor of 358005032?
False
Is 3975 a factor of 132265485?
False
Is 1853 a factor of 82387825?
False
Is 11 a factor of 9003512?
False
Is 2074552677 a multiple of 171?
True
Is 16 a factor of 77515611?
False
Is 14 a factor of 1731527058?
False
Is 353172692 a multiple of 47?
False
Does 3 divide 7565297?
False
Is 299331428 a multiple of 11?
True
Is 285 a factor of 41986770?
True
Is 381 a factor of 13119196?
False
Does 256 divide 191481856?
True
Is 568088430 a multiple of 35?
True
Does 305 divide 2541994226?
False
Does 213 divide 610685543?
False
Does 26 divide 5536626048?
False
Is 199321472 a multiple of 16?
True
Is 1364769384 a multiple of 142?
True
Does 6 divide 15964017?
False
Is 51323073 a multiple of 3768?
False
Is 215637926 a multiple of 3634?
True
Is 52 a factor of 226344249?
False
Does 776 divide 4530288?
True
Does 184 divide 102533816?
True
Does 459 divide 254638971?
True
Is 1594 a factor of 440810043?
False
Does 4 divide 217536382?
False
Does 12 divide 311073669?
False
Is 45308264 a multiple of 68?
True
Does 145 divide 5293352165?
True
Is 1038562895 a multiple of 4769?
False
Does 854 divide 22030437?
False
Is 14 a factor of 27288766?
False
Is 1445740248 a multiple of 3944?
True
Is 23 a factor of 6702979?
False
Is 49101395 a multiple of 35?
True
Is 659790034 a multiple of 2587